/2) + -5. What is the units digit of 1140/22 - y/44?
2
Suppose -g = 24 - 31. Suppose 448 = g*v + v. What is the units digit of v?
6
Suppose 77 + 78 = -5*y. Let i = y + 42. What is the units digit of i?
1
Suppose -2*j + 2127 = j - 3*q, -2*q + 2842 = 4*j. What is the units digit of j?
0
Let f(x) = -x**2 + x - 2. Let q = 4 + -6. Let p be f(q). Let s = -1 - p. What is the units digit of s?
7
Let b = 43 - 25. Suppose 48 + b = 2*j. What is the tens digit of j?
3
Let s be (-2849)/111 - 4/(-6). Let f(z) = -11*z**2 - 3*z. Let u be f(-2). Let v = s - u. What is the units digit of v?
3
Let v(g) be the third derivative of 0 + 0*g + 13/24*g**4 + 1/60*g**5 - 4*g**2 + 13/6*g**3. What is the units digit of v(-13)?
3
Suppose 9299 + 16129 = 39*h. What is the units digit of h?
2
Suppose 0 = -3*t + 101 + 7. Let v = t + -32. Let f = v + 37. What is the units digit of f?
1
Let x be ((-22)/(-5) - 4)/((-2)/2770). Let k = x + 796. What is the tens digit of k?
4
Suppose 5*g - 4*l + 12 = 0, 2*g + l - 6*l = -15. Suppose 5*r - 27 - 663 = g. What is the units digit of r?
8
Let q(i) = 2*i**2 + 6*i + 2. Let g(t) = 7*t + 3. Let w be g(-1). What is the units digit of q(w)?
0
Suppose 3985 + 5275 = 4*r. What is the hundreds digit of r?
3
Suppose -4*w - 2 = -7*w + y, 5*w + y - 14 = 0. Suppose w*k - 79 = -j - 0*k, 5*k = -j + 73. What is the tens digit of j?
8
Suppose -20 = -18*o + 8*o. Suppose 5*c + o*p - 154 = 64, 137 = 3*c - 5*p. What is the tens digit of c?
4
Let b(a) = -a**3 + 12*a**2 - 13*a + 27. Let p be b(11). Suppose -4 = -3*i + 11. What is the units digit of 41*p/i - 1?
0
Suppose 0 = -2*c - 5*p + 26, -5*p = -3*c - 0*c - 11. Let y(r) = r**2 + r**c + 0*r**3 + 7 + 6 + 9. What is the tens digit of y(0)?
2
What is the tens digit of ((-90)/(-54) + -2)/((-2)/828)?
3
Suppose 2*k - 17 = 5*k + g, 5*g = 5*k - 5. Let f(p) = -50*p - 35. What is the hundreds digit of f(k)?
1
What is the tens digit of (12117/(-28))/(3/(-4))?
7
Let i(r) = 12*r + 21. Let o = -31 + 15. Let q be i(o). Let h = -97 - q. What is the tens digit of h?
7
Suppose f - 1566 = -5*k, 9*f - 5*f + k = 6169. What is the units digit of f?
1
Suppose 2*m = -3*n + 121 - 45, -n = -m - 32. Let b = n + 47. What is the tens digit of b?
7
Suppose 2*p + u = 76, -3*u - 273 + 61 = -5*p. Suppose 0 = -2*s + 1 + 3. Suppose -s*g = -10 - p. What is the units digit of g?
5
Let t(p) = p**2 + 7*p - 21. What is the units digit of t(8)?
9
Let u be (2/3 - -1)/(80/96). Let p(z) = 7*z**2. Let m be p(1). Let f = m + u. What is the units digit of f?
9
Let h = 46 + -10. What is the units digit of 3 + -7 + h - 0?
2
Let l = 2301 - 842. What is the units digit of l?
9
Suppose -356 = -2*d + 4*h, -2*d = h - 465 + 104. Suppose 8*l - 756 = -d. What is the units digit of l?
2
Let l(t) = -t**3 - 6*t**2 + 35*t + 12. What is the hundreds digit of l(-15)?
5
Suppose 0*s - s - 2*b + 5 = 0, 15 = 3*s - b. Suppose -s*q - 721 = -12*q. What is the hundreds digit of q?
1
Let t be 1939/21*6/2. Suppose 4*l = g + 248, -t = -3*l - 4*g - 110. What is the units digit of l?
1
Let m = -70 + 91. Suppose -2*g - 11 = -m. What is the units digit of g?
5
Suppose 812*s - 817*s + 2575 = 0. What is the tens digit of s?
1
Let k = -36 + -73. Let o = -54 - k. What is the tens digit of o?
5
Suppose -r + 95 = 6. Suppose -5*x + 81 = -r. What is the units digit of x?
4
Suppose s - 9*r - 386 = -12*r, -5*r = 2*s - 771. What is the tens digit of s?
8
Let k(d) = -16*d - 5. Let s(n) = n + 1. Let a(p) = -10*p - 7. Let h(u) = a(u) + 6*s(u). Let b(x) = -9*h(x) + 2*k(x). What is the units digit of b(6)?
3
Let z be 33/(4 - 10 - -5). What is the hundreds digit of 6/z + 7365/33 + 2?
2
Let m be (-4)/(-14) - 5/35*44. What is the units digit of (-242)/m - (-10)/15*1?
1
Let y be (-2 + 5 - 1)*50. Suppose q - 4*r - y = 0, -4*r = -4*q + 158 + 206. Suppose 3*z = -4*s + 31, 3*z + z - 4*s = q. What is the tens digit of z?
1
Let p = -93 - -1525. What is the tens digit of p?
3
Let j(x) = 2*x + 38. Let w be j(-18). What is the units digit of (87/w)/((6/8)/1)?
8
Let b be ((-5)/10)/((-2)/(-4)). What is the units digit of -2*((0 - 1) + -3) + b?
7
Let q = -6 + 13. Let m = q - 5. Suppose 5*u - 4*i - 55 = 2*u, m*u - 33 = -i. What is the tens digit of u?
1
Let x = -15 - -22. Let u(z) = 2 + x + z + 3. What is the units digit of u(-7)?
5
Let p = -695 + 1332. What is the hundreds digit of p?
6
Let v(c) = c**2 - 14*c + 11. What is the units digit of v(-8)?
7
Let l = -126 - -182. Let i be (l/10)/((-4)/(-20)). Let f = 47 - i. What is the tens digit of f?
1
Let u be ((-2)/(-1))/6*0. Suppose 217 = 5*g + 4*n, -5*g + g - 4*n + 176 = u. Suppose -3*y = -g - 97. What is the units digit of y?
6
Let a = -111 + 513. What is the hundreds digit of a?
4
Suppose -b = -4*z - 150, -5*b + 4*z + 323 + 443 = 0. What is the hundreds digit of b?
1
Let n be 2/(-12) + (-31)/(-6). Suppose -n*h = -d + 3, 4*h = d - 2 - 1. Suppose 0 = -x + 4*t + 53, 192 = d*x - 4*t + 33. What is the units digit of x?
3
Let r(y) = 7*y**3 - 3*y**2 + 6*y + 1. What is the units digit of r(2)?
7
Let x(g) = 3*g + 2. Let q(p) = -p**2 + p - 2. Let h be q(3). Let l be x(h). Let r = l - -41. What is the units digit of r?
9
Let l = -3 - -5. Suppose -l*c = s - 10, -s + 8 = 4*c - 4. Suppose -g + 21 + s = 5*d, 4*d - 196 = -4*g. What is the tens digit of g?
5
Suppose 10*h - 1508 = 6452. What is the tens digit of h?
9
Suppose 5*r - 2*c = 462, 2*c + 384 - 16 = 4*r. Let w = r - -28. What is the hundreds digit of w?
1
Suppose 3615 = 2*t + v, 5*t - 7036 - 1994 = -v. What is the thousands digit of t?
1
Let l = -331 + 425. What is the tens digit of l?
9
Suppose -12050 = -4*p + 2*a, 4*a + 9128 = -5*p + 24184. What is the hundreds digit of p?
0
Suppose 5*u + 0 - 10 = 0. Suppose 3*y - 8 = -o + 9, -y + 4*o = -10. Suppose -u*i = -y*i + 124. What is the units digit of i?
1
Suppose 2*f + t = -17 - 14, 0 = 5*t + 5. Let k = -15 - f. Suppose k*d - 4*z = -d + 5, 3*d - 15 = -5*z. What is the units digit of d?
5
Let r = -27 + 70. What is the units digit of r?
3
Let t(d) = 8*d**3 - d**2 + 2*d + 2. Let l = 9 + -7. What is the units digit of t(l)?
6
Suppose 5*t - 7 = 8. Suppose t*h = 7*h. Suppose 5*r = -2*y + 47, h*r + 139 = 4*y + r. What is the units digit of y?
6
Suppose -181 = -k - 46. What is the units digit of k?
5
Let a(h) = -21*h + 9. Let c be a(-5). Suppose -3*t = b - 51, b + 4*t = 4*b - c. What is the units digit of b?
2
Suppose -217 - 749 = -7*q. What is the units digit of q?
8
What is the units digit of 1815/((54/180)/((-2)/(-10)))?
0
Let y(v) = -v**3 - 8*v**2 + 11*v - 30. What is the tens digit of y(-10)?
6
Suppose 88 = a - q, -a + 4*q = -0*a - 91. Suppose 7*z - a = 473. What is the units digit of z?
0
Let y = -12 + 10. Let j be y*(310/4)/(-5). Let c = j - 19. What is the units digit of c?
2
Suppose -6*l + 19 + 11 = 0. Let j(y) = y + y - 6 + y. What is the units digit of j(l)?
9
Suppose -t - 384 + 1339 = 0. What is the tens digit of t?
5
Let u = 17 + -18. Let s be 1936/(-64) + u/(-4). What is the units digit of (-1346)/s - 20/(-150)?
5
Let d(o) = -o**3 - 2*o**2 + 15*o. Let g be d(-5). Suppose -3*a = -g*a - 267. What is the tens digit of a?
8
Suppose 3 + 3 = -2*o. Let d(v) = 310*v + 301*v - 617*v - 3. What is the tens digit of d(o)?
1
Let u(p) = 4*p**2 + 5*p - 1. Let o(s) = 10*s**2 + 12*s - 2. Let f(x) = 5*o(x) - 12*u(x). Let g be f(-2). Suppose -5*a - 20 = -g*a. What is the units digit of a?
4
Let r = -814 - -1258. Suppose -r = -5*q - 34. What is the tens digit of q?
8
Let i(p) = 5*p + 252. What is the tens digit of i(-39)?
5
Let c(w) = 10*w**2 + w - 1. Suppose 4*a = 2*a. Suppose a = 8*k - 10*k + 2. What is the tens digit of c(k)?
1
Suppose k - 31 = -5*v - k, -2*k + 21 = 3*v. Suppose -v*h + 2*i = -3*i - 220, i = -3*h + 124. What is the units digit of h?
2
Suppose 156 = -3*x + 582. Suppose 4*y - 82 - x = 0. Let g = -40 + y. What is the units digit of g?
6
Let p(d) be the third derivative of 7*d**5/60 + d**4/6 - d**3 - 24*d**2. What is the units digit of p(4)?
2
Let q = 80 + -59. What is the tens digit of q?
2
Suppose 26*y = 28*y - 18. Suppose -g - 3*g = 4*u - 432, 0 = -3*g + y. What is the tens digit of u?
0
Let o = 161 - -207. Let x = o - 203. What is the units digit of x?
5
Suppose 3363 = 4*j - h, 3*h + 4206 = 5*j + h. What is the units digit of j?
0
Let i = 996 - 124. What is the units dig